 ((-19552)/32)/(0 + (-1 - 0)).
13, 47
Suppose u = 6*c - 11*c + 25, u + c = 5. Let f be (-1 - u)/((-7)/(-35)). Let k = 26 + f. List the prime factors of k.
3, 7
Suppose -z = -5*z + 1248. Suppose -6*w + 10*w - z = 0. List the prime factors of w.
2, 3, 13
Suppose -5*t + 3*a + 6439 = 1995, -2*t + a = -1777. What are the prime factors of t?
887
Suppose 1927 = 7*q + 261. List the prime factors of q.
2, 7, 17
Let b(i) = 2*i**3 - 3*i**2 - 3*i. Let x be b(-2). Let l = x + 118. What are the prime factors of l?
2, 3
Let q(j) = -2*j**2 - 11*j + 12. Let a be q(-6). List the prime factors of (-10)/((a/(-111))/1).
5, 37
Let g(j) = 60*j - 11. Let k be g(3). Let o = 245 - k. What are the prime factors of o?
2, 19
Let b be (-130)/(-15)*(-36)/(-2). Suppose -t = -5*x + b, -4*t + 50 + 94 = 4*x. What are the prime factors of x?
2
Let a(h) = -h**2 - 15*h - 21. Let i(x) = -8*x - 2. Let v be i(1). List the prime factors of a(v).
29
Suppose -q + 296 = v - 6*q, -v + 246 = 5*q. What are the prime factors of v?
271
Suppose 0 = -2*m + 9 + 79. Suppose -2*c - m = -a + 105, -a - 4*c = -173. List the prime factors of a.
157
Let m = -2 + 3. Suppose -4*a + 7 = -m. Suppose 3*s - 35 = -a*j, -4*s + 3 = 3*j - 47. What are the prime factors of j?
2, 5
Suppose -2*k = 3*z - 338, -664 = 3*k - 7*k - 3*z. What are the prime factors of k?
163
Let k(t) = 381*t**2 - 59*t - 124. What are the prime factors of k(-2)?
2, 3, 11, 23
Let i be (-84)/(-16) + (-1)/4. Suppose 9 - i = n. Suppose -m + 5*m + 241 = 5*l, 0 = -n*l + 5*m + 200. List the prime factors of l.
3, 5
Let i be (-13 + -2)*(-4 - 1). Suppose 0 = -0*d + 3*d + i. Let m = d + 81. List the prime factors of m.
2, 7
Let m = -625 - -931. What are the prime factors of m?
2, 3, 17
Let w(k) be the third derivative of k**5/60 - 7*k**4/12 + 3*k**3 + 7*k**2. Let s be w(12). What are the prime factors of -1*(s + 3 - 29)?
2
Let f(n) = n**2 - n - 7. Let r be f(-3). Let l be (-8)/6*(-6)/4. Suppose 0 = 4*z + r*j - 59, -z + 2*j = -l*j - 20. What are the prime factors of z?
2
Suppose -1369 + 261 = -2*v. List the prime factors of v.
2, 277
List the prime factors of -2 - (5 - (11 + -5) - 3986).
5, 797
Suppose -4*i - 8 = c, 0 = 4*c + 5*i + 14 + 7. Let m be (c/(-1))/8*34. Suppose -9 = -3*f, d = 2*f - 5*f + m. What are the prime factors of d?
2
Let i be 5*2/(-5)*-6. Let h be 6/24 + (-238)/(-8). Suppose 2*m + h = 2*n, 5*n - 83 = m - i. What are the prime factors of n?
2, 7
Let k(c) = 0*c - 4*c + 1 + 3*c. Let u be k(-4). Suppose u*f = 2*h + 173, 0*h - 21 = -f - 3*h. List the prime factors of f.
3, 11
Let p(v) = v + 5. Let t be p(7). Let o = t + -11. What are the prime factors of -12*o/((-6)/14)?
2, 7
Let a be (1/2)/((-3)/(-36)*-1). Let g(k) = 3*k**3 + 0*k**3 + 8 - 5*k**2 - 4*k**3 + 4*k. What are the prime factors of g(a)?
2, 5
Suppose 4*l + 20 = 32. Suppose 6 = -2*j - j, -l*i = -5*j - 466. List the prime factors of i.
2, 19
Let c = -19 - -22. Suppose -c*o + 70 = -35. List the prime factors of o.
5, 7
Suppose 0 = -5*j - i + 7974, -15*j - 5*i = -18*j + 4790. List the prime factors of j.
5, 11, 29
Let o be (6/(-4))/(-3)*10. Let i(n) be the third derivative of n**5/60 - n**4/24 - 4*n**3/3 - 3*n**2. List the prime factors of i(o).
2, 3
Suppose 2*d - 513 = -x, 2*d - 153 - 354 = -3*x. List the prime factors of d.
2, 3, 43
Let g(p) be the second derivative of p**3/6 - 3*p**2/2 + 12*p. Let l be g(19). Suppose l = 4*v, -290 = -5*h + 3*v + 2*v. What are the prime factors of h?
2, 31
Suppose 12*o + 48*o = 100440. List the prime factors of o.
2, 3, 31
Let k(f) = 4*f**2 + 11 - 11 - 4*f + f**2. What are the prime factors of k(4)?
2
Suppose -4*y - 7 = -n, 5 = -4*n - n. Let a be (1/y)/(5/60). What are the prime factors of (80/a)/((-14)/42)?
2, 5
Let l(n) = 45*n**2 - 2*n - 4. List the prime factors of l(-4).
2, 181
Let i = 40 - 35. What are the prime factors of -4 + i + -2 + 79?
2, 3, 13
Suppose p - 15 = -2*p. Suppose 5*d = 3*m - 127, 5*m + 2*d = p*d + 233. List the prime factors of m.
7
What are the prime factors of (-5)/((-1662)/276 - -6)?
2, 5, 23
Let x = -1402 + 2205. What are the prime factors of x?
11, 73
Let m = -6 + 8. Let p be (m - (-6 - -2))/2. Suppose -p*n + 120 = 3*n. List the prime factors of n.
2, 5
Suppose 40 = -5*z + 2*c, 17 - 1 = -2*z - 4*c. Let t be z/12 + (-382)/(-6). Suppose 38*u - 35*u - t = 0. What are the prime factors of u?
3, 7
Let g(v) = v**2 + v + 6. Let x be g(8). Suppose -3*r - h + 23 + x = 0, 2*r - 67 = -h. List the prime factors of r.
2, 17
Let d be ((-3)/2)/(9/(-444)). Let t = d + -36. Suppose 2*q = j - t, j - q - 22 = 21. List the prime factors of j.
2, 3
Let k be 1/3 + 1170/(-27). Let r = k + 144. List the prime factors of r.
101
Let o(q) = 2*q + 12. Let l be (-9)/(18/8) - 2. Let h be o(l). Suppose h = -2*w - 3 + 27. What are the prime factors of w?
2, 3
Let n = 1 - -9. What are the prime factors of n?
2, 5
What are the prime factors of (3123/(-12))/(39/(-104))?
2, 347
Suppose 5*a = 15, 2*k = 2*a - a + 393. Suppose -100*c + k = -98*c. What are the prime factors of c?
3, 11
Let i(w) = -w**2 - w + 34. Let t be i(5). Suppose -4*u + t*f = -84, 3*u + f + f = 63. List the prime factors of u.
3, 7
Suppose -5*l + 2*l = -3*d + 3453, -l - 2303 = -2*d. List the prime factors of d.
2, 3
Suppose 5*k - 199 = -3*x, -k + 0*k + 53 = 5*x. Suppose k = 2*g - 40. Suppose 0 = -5*s + 2*s + g. What are the prime factors of s?
13
Suppose 0*t + 6 = 3*t. What are the prime factors of t/(4/8 - 0)?
2
Let f(z) = -85*z + 3. List the prime factors of f(-8).
683
Let b be (-2)/8 + 1 + 9964/(-16). List the prime factors of (5*14/35)/((-4)/b).
311
Suppose 12*r - 16209 - 55935 = 0. What are the prime factors of r?
2, 3, 167
Let o = -19 - -73. Let s(r) = r**2 + 14*r + 47. Let z be s(-9). Suppose -z*q - q = -o. List the prime factors of q.
2, 3
Suppose -1497 = -3*d + 222. List the prime factors of d.
3, 191
Let j be -91*(-2)/(-9) - 4/(-18). List the prime factors of (-1058)/(-10) - 4/j.
2, 53
What are the prime factors of (-4)/5 - (-23694)/55?
2, 5, 43
Let k be 36/(-24) - (-45)/2. What are the prime factors of 2/4*(-7 + k)?
7
Let a(y) = 2*y**2 + 26*y + 83. List the prime factors of a(-24).
13, 47
Suppose 3*m + 5*s - 9761 = 4*s, 4*m - 5*s = 13002. What are the prime factors of m?
3253
Let q = 121 + -260. List the prime factors of -4 - (q - (-3)/(-1)).
2, 3, 23
Let d = 3 + 14. Let c(o) = 3*o**3 + 4*o**2 + 3*o + 1. Let k be c(-2). Let j = d + k. What are the prime factors of j?
2
Suppose -8*b = -2*b - 396. List the prime factors of (-7)/((-28)/16) + b.
2, 5, 7
List the prime factors of (-1278*28/(-21))/2.
2, 3, 71
Suppose 5*b = -5*z - 625, 0 = -z - 2*b - 55 - 66. List the prime factors of (-3)/(-6) - z/2.
5, 13
Suppose 5*n - 617 = -3*l, -n + 113 = -3*l + l. Let v = n - 58. What are the prime factors of v?
3, 7
Suppose 2*j - 5*b - 213 = 0, 3*b + 17 = 2*j - 190. Let v = j - 68. What are the prime factors of v?
31
Let p(y) = -y**2 - 26*y - 48. Let v be p(-24). Suppose 270 = t - v*t. What are the prime factors of t?
2, 3, 5
Let x = 14 + 26. Suppose -w - x = -s, -w = 3*w - 8. What are the prime factors of s?
2, 3, 7
Let z(f) = f**2 - 29*f - 72. What are the prime factors of z(-33)?
2, 3, 7, 47
Suppose r + 4*g = 176, -r - 3*g + 377 = r. What are the prime factors of r/7*(-8)/(-2)?
2, 7
Suppose 23 = -5*s + 383. Suppose 6*y - 10*y = -s. List the prime factors of y.
2, 3
List the prime factors of -2*6/24 + (-6042)/(-4).
2, 5, 151
Let f(c) = -8*c**3 - 2*c + 4*c**2 - 4*c**2 - 2*c**2 - 13*c**3. What are the prime factors of f(-2)?
2, 41
Suppose 7 + 87 = s. Suppose 10*n + s = 11*n. List the prime factors of n.
2, 47
Let s(f) = -19*f + 7. Let i(c) = 10*c - 3. Let o = -2 - -7. Let y(n) = o*i(n) + 2*s(n). What are the prime factors of y(2)?
23
Let o be 0*1/(-5)*-1. Suppose o = -g + 5 + 32. Let a = -23 + g. What are the prime factors of a?
2, 7
Suppose 2*r - b = 2201, 8*b + 1093 = r + 10*b. What are the prime factors of r?
7, 157
Suppose -120*f = -87*f - 193413. List the prime factors of f.
5861
Suppose -2*z + r = -504, 5*z + 1016 = 9*z - 4*r. What are the prime factors of z?
2, 5
Let i(l) = l**2 - 3*l - 16. Let w be i(6). Suppose 14 = 2*q + 2*d + w*d, -52 = -4*q - 2*d. List the prime factors of q.
3, 5
Suppose -6*f + 2*f = n + 7, -f + 2*n = -5. List the prime factors of ((-1)/(-2))/(f/(-134)).
67
L